{"id":176,"date":"2024-12-19T21:37:17","date_gmt":"2024-12-19T21:37:17","guid":{"rendered":"https:\/\/www.comadece.org.br\/site\/?page_id=176"},"modified":"2025-04-01T11:43:32","modified_gmt":"2025-04-01T14:43:32","slug":"contatos","status":"publish","type":"page","link":"https:\/\/www.comadece.org.br\/site\/contatos\/","title":{"rendered":"Contatos"},"content":{"rendered":"\n<p>Entre em contato com a <strong>Conven\u00e7\u00e3o de Ministros da Assembleia de Deus Bela Vista no Estado do Cear\u00e1 (COMADECE)<\/strong>. Nossa equipe est\u00e1 \u00e0 disposi\u00e7\u00e3o para atender d\u00favidas, fornecer informa\u00e7\u00f5es e apoiar ministros e igrejas filiadas em suas necessidades ministeriais.<\/p>\n\n\n\n<p>Confira abaixo nossos canais de comunica\u00e7\u00e3o, endere\u00e7o e mapa de localiza\u00e7\u00e3o para facilitar o acesso.<\/p>\n\n\n\n<!--more-->\n\n\n\n<h3 class=\"wp-block-heading\"><strong>Informa\u00e7\u00f5es de Contato<\/strong><\/h3>\n\n\n\n<ul class=\"wp-block-list\">\n<li><strong>Endere\u00e7o<\/strong>:<br>Rua General Sampaio, 1572, Centro, Fortaleza-CE, CEP: 60025-902<\/li>\n\n\n\n<li><strong>Telefone<\/strong>:<br>(85) 2521-592 ou (85) 99204-9236<\/li>\n\n\n\n<li><strong>E-mail<\/strong>:<br>comadece.adbv@gmail.com<\/li>\n\n\n\n<li><strong>Hor\u00e1rio de Funcionamento<\/strong>:<br>Segunda a sexta-feira: 8h \u00e0s 17h<\/li>\n<\/ul>\n\n\n\n<hr class=\"wp-block-separator has-alpha-channel-opacity\"\/>\n\n\n\n<p><iframe src=\"https:\/\/www.google.com\/maps\/embed?pb=!1m18!1m12!1m3!1d15925.51834582556!2d-38.543394424662115!3d-3.718750426489792!2m3!1f0!2f0!3f0!3m2!1i1024!2i768!4f13.1!3m3!1m2!1s0x7c748a91d27a89b%3A0x3d96e39b6fa5d2e2!2sR.%20Gen.%20Sampaio%2C%201572%20-%20Centro%2C%20Fortaleza%20-%20CE%2C%2060025-902!5e0!3m2!1sen!2sbr!4v1696600000000!5m2!1sen!2sbr\" width=\"100%\" height=\"400\" style=\"border:0;\" allowfullscreen=\"\" loading=\"lazy\" referrerpolicy=\"no-referrer-when-downgrade\"><\/iframe><\/p>\n\n\n","protected":false},"excerpt":{"rendered":"<p>Entre em contato com a Conven\u00e7\u00e3o de Ministros da Assembleia de Deus Bela Vista no Estado do Cear\u00e1 (COMADECE). Nossa equipe est\u00e1 \u00e0 disposi\u00e7\u00e3o para atender d\u00favidas, fornecer informa\u00e7\u00f5es e apoiar ministros e igrejas filiadas em suas necessidades ministeriais. Confira abaixo nossos canais de comunica\u00e7\u00e3o, endere\u00e7o e mapa de localiza\u00e7\u00e3o para facilitar o acesso.<\/p>\n","protected":false},"author":1,"featured_media":0,"parent":0,"menu_order":0,"comment_status":"closed","ping_status":"closed","template":"","meta":{"saved_in_kubio":true,"footnotes":""},"class_list":["post-176","page","type-page","status-publish","hentry"],"kubio_ai_page_context":{"short_desc":"","purpose":"general"},"_links":{"self":[{"href":"https:\/\/www.comadece.org.br\/site\/wp-json\/wp\/v2\/pages\/176","targetHints":{"allow":["GET"]}}],"collection":[{"href":"https:\/\/www.comadece.org.br\/site\/wp-json\/wp\/v2\/pages"}],"about":[{"href":"https:\/\/www.comadece.org.br\/site\/wp-json\/wp\/v2\/types\/page"}],"author":[{"embeddable":true,"href":"https:\/\/www.comadece.org.br\/site\/wp-json\/wp\/v2\/users\/1"}],"replies":[{"embeddable":true,"href":"https:\/\/www.comadece.org.br\/site\/wp-json\/wp\/v2\/comments?post=176"}],"version-history":[{"count":11,"href":"https:\/\/www.comadece.org.br\/site\/wp-json\/wp\/v2\/pages\/176\/revisions"}],"predecessor-version":[{"id":960,"href":"https:\/\/www.comadece.org.br\/site\/wp-json\/wp\/v2\/pages\/176\/revisions\/960"}],"wp:attachment":[{"href":"https:\/\/www.comadece.org.br\/site\/wp-json\/wp\/v2\/media?parent=176"}],"curies":[{"name":"wp","href":"https:\/\/api.w.org\/{rel}","templated":true}]}}