{"id":89,"date":"2024-12-19T01:21:51","date_gmt":"2024-12-19T01:21:51","guid":{"rendered":"https:\/\/www.comadece.org.br\/site\/?page_id=89"},"modified":"2024-12-19T01:21:54","modified_gmt":"2024-12-19T01:21:54","slug":"comissoes","status":"publish","type":"page","link":"https:\/\/www.comadece.org.br\/site\/comissoes\/","title":{"rendered":"Comiss\u00f5es"},"content":{"rendered":"\n<p>As <strong>Comiss\u00f5es da COMADECE<\/strong> s\u00e3o \u00f3rg\u00e3os auxiliares respons\u00e1veis por atuar em \u00e1reas espec\u00edficas, garantindo o pleno funcionamento da Conven\u00e7\u00e3o de Ministros da Assembleia de Deus Bela Vista no Cear\u00e1. Essas comiss\u00f5es t\u00eam como finalidade auxiliar a Mesa Diretora e os Conselhos em tarefas importantes, promovendo efici\u00eancia, organiza\u00e7\u00e3o e alinhamento com os princ\u00edpios doutrin\u00e1rios da Assembleia de Deus.<\/p>\n\n\n\n<p>Os membros das comiss\u00f5es s\u00e3o escolhidos de acordo com crit\u00e9rios estabelecidos no Estatuto e Regimento Interno, levando em considera\u00e7\u00e3o a experi\u00eancia, o conhecimento t\u00e9cnico e a representatividade ministerial.<\/p>\n\n\n\n<hr class=\"wp-block-separator has-alpha-channel-opacity\"\/>\n\n\n\n<h4 class=\"wp-block-heading\"><strong>Comiss\u00f5es da COMADECE e Seus Componentes<\/strong><\/h4>\n\n\n\n<ol class=\"wp-block-list\">\n<li><strong>Comiss\u00e3o Especial de Elabora\u00e7\u00e3o do Regimento Interno<\/strong>\n<ul class=\"wp-block-list\">\n<li><strong>Presidente<\/strong>: Ev. Raimundo Valter Lima de Souza<\/li>\n\n\n\n<li><strong>Relator<\/strong>: Pr. Valderley Alves de Oliveira<\/li>\n\n\n\n<li><strong>Membro<\/strong>: Pr. Gerson Alves da Silva<\/li>\n\n\n\n<li><strong>Membro<\/strong>: Pr. Raimundo Nonato de Castro<\/li>\n<\/ul>\n<\/li>\n\n\n\n<li><strong>Comiss\u00e3o Eleitoral<\/strong>\n<ul class=\"wp-block-list\">\n<li>Composta por cinco membros, sendo eles respons\u00e1veis por:\n<ul class=\"wp-block-list\">\n<li>Definir as regras eleitorais.<\/li>\n\n\n\n<li>Organizar e conduzir o processo eleitoral da Mesa Diretora e Conselhos.<\/li>\n\n\n\n<li>Nomear escrutinadores e anunciar os resultados.<\/li>\n<\/ul>\n<\/li>\n\n\n\n<li>Os membros ser\u00e3o designados pelo Presidente da COMADECE 90 dias antes do pleito, conforme o Regimento Interno\u200b.<\/li>\n<\/ul>\n<\/li>\n\n\n\n<li><strong>Comiss\u00f5es Tempor\u00e1rias ou Ad Hoc<\/strong>\n<ul class=\"wp-block-list\">\n<li>Formadas conforme a necessidade para tratar de assuntos espec\u00edficos.<\/li>\n\n\n\n<li>A composi\u00e7\u00e3o e fun\u00e7\u00f5es s\u00e3o definidas pela Mesa Diretora ou Assembleia Geral, dependendo da relev\u00e2ncia do tema.<\/li>\n<\/ul>\n<\/li>\n<\/ol>\n","protected":false},"excerpt":{"rendered":"<p>As Comiss\u00f5es da COMADECE s\u00e3o \u00f3rg\u00e3os auxiliares respons\u00e1veis por atuar em \u00e1reas espec\u00edficas, garantindo o pleno funcionamento da Conven\u00e7\u00e3o de Ministros da Assembleia de Deus Bela Vista no Cear\u00e1. Essas comiss\u00f5es t\u00eam como finalidade auxiliar a Mesa Diretora e os Conselhos em tarefas importantes, promovendo efici\u00eancia, organiza\u00e7\u00e3o e alinhamento com os princ\u00edpios doutrin\u00e1rios da Assembleia [&hellip;]<\/p>\n","protected":false},"author":1,"featured_media":0,"parent":0,"menu_order":0,"comment_status":"closed","ping_status":"closed","template":"","meta":{"saved_in_kubio":false,"footnotes":""},"class_list":["post-89","page","type-page","status-publish","hentry"],"kubio_ai_page_context":{"short_desc":"","purpose":"general"},"_links":{"self":[{"href":"https:\/\/www.comadece.org.br\/site\/wp-json\/wp\/v2\/pages\/89","targetHints":{"allow":["GET"]}}],"collection":[{"href":"https:\/\/www.comadece.org.br\/site\/wp-json\/wp\/v2\/pages"}],"about":[{"href":"https:\/\/www.comadece.org.br\/site\/wp-json\/wp\/v2\/types\/page"}],"author":[{"embeddable":true,"href":"https:\/\/www.comadece.org.br\/site\/wp-json\/wp\/v2\/users\/1"}],"replies":[{"embeddable":true,"href":"https:\/\/www.comadece.org.br\/site\/wp-json\/wp\/v2\/comments?post=89"}],"version-history":[{"count":1,"href":"https:\/\/www.comadece.org.br\/site\/wp-json\/wp\/v2\/pages\/89\/revisions"}],"predecessor-version":[{"id":90,"href":"https:\/\/www.comadece.org.br\/site\/wp-json\/wp\/v2\/pages\/89\/revisions\/90"}],"wp:attachment":[{"href":"https:\/\/www.comadece.org.br\/site\/wp-json\/wp\/v2\/media?parent=89"}],"curies":[{"name":"wp","href":"https:\/\/api.w.org\/{rel}","templated":true}]}}