{"id":91,"date":"2024-12-19T01:26:35","date_gmt":"2024-12-19T01:26:35","guid":{"rendered":"https:\/\/www.comadece.org.br\/site\/?page_id=91"},"modified":"2024-12-19T01:26:37","modified_gmt":"2024-12-19T01:26:37","slug":"conselhos","status":"publish","type":"page","link":"https:\/\/www.comadece.org.br\/site\/conselhos\/","title":{"rendered":"Conselhos"},"content":{"rendered":"\n<p>Os <strong>Conselhos da COMADECE<\/strong> desempenham pap\u00e9is fundamentais no funcionamento administrativo, espiritual e organizacional da Conven\u00e7\u00e3o de Ministros da Assembleia de Deus Bela Vista no Cear\u00e1. Eles s\u00e3o formados por membros escolhidos pela Mesa Diretora, com mandatos de quatro anos, e s\u00e3o respons\u00e1veis por diversas \u00e1reas essenciais, como fiscaliza\u00e7\u00e3o financeira, orienta\u00e7\u00e3o doutrin\u00e1ria, educa\u00e7\u00e3o religiosa e a\u00e7\u00f5es sociais.<\/p>\n\n\n\n<p>Cada conselho possui atribui\u00e7\u00f5es espec\u00edficas, detalhadas no Estatuto e Regimento Interno, para garantir a ordem, a \u00e9tica e a unidade no minist\u00e9rio.<\/p>\n\n\n\n<hr class=\"wp-block-separator has-alpha-channel-opacity\"\/>\n\n\n\n<h4 class=\"wp-block-heading\"><strong>Conselhos da COMADECE e Seus Componentes<\/strong><\/h4>\n\n\n\n<ol class=\"wp-block-list\">\n<li><strong>Conselho Fiscal<\/strong>\n<ul class=\"wp-block-list\">\n<li><strong>Fun\u00e7\u00e3o<\/strong>: Fiscalizar a aplica\u00e7\u00e3o dos recursos financeiros da COMADECE e emitir parecer sobre as contas apresentadas pela Mesa Diretora\u200b.<\/li>\n\n\n\n<li><strong>Composi\u00e7\u00e3o<\/strong>:\n<ul class=\"wp-block-list\">\n<li>Presidente: [Nome]<\/li>\n\n\n\n<li>Secret\u00e1rio: [Nome]<\/li>\n\n\n\n<li>Relator: [Nome]<\/li>\n\n\n\n<li>Membros Efetivos: [Nome], [Nome].<\/li>\n\n\n\n<li>Suplentes: [Nome], [Nome].<\/li>\n<\/ul>\n<\/li>\n<\/ul>\n<\/li>\n\n\n\n<li><strong>Conselho Consultivo<\/strong>\n<ul class=\"wp-block-list\">\n<li><strong>Fun\u00e7\u00e3o<\/strong>: Auxiliar a Mesa Diretora em assuntos complexos e propor solu\u00e7\u00f5es para quest\u00f5es convencionais\u200b.<\/li>\n\n\n\n<li><strong>Composi\u00e7\u00e3o<\/strong>:\n<ul class=\"wp-block-list\">\n<li>Presidente: [Nome]<\/li>\n\n\n\n<li>Secret\u00e1rio: [Nome]<\/li>\n\n\n\n<li>Relator: [Nome]<\/li>\n\n\n\n<li>Membros Efetivos: [Nome], [Nome].<\/li>\n\n\n\n<li>Suplentes: [Nome], [Nome].<\/li>\n<\/ul>\n<\/li>\n<\/ul>\n<\/li>\n\n\n\n<li><strong>Conselho de Educa\u00e7\u00e3o Religiosa<\/strong>\n<ul class=\"wp-block-list\">\n<li><strong>Fun\u00e7\u00e3o<\/strong>: Normatizar e supervisionar o ensino religioso, autorizando e reconhecendo cursos e institui\u00e7\u00f5es de ensino vinculadas\u200b.<\/li>\n\n\n\n<li><strong>Composi\u00e7\u00e3o<\/strong>:\n<ul class=\"wp-block-list\">\n<li>Presidente: [Nome]<\/li>\n\n\n\n<li>Secret\u00e1rio: [Nome]<\/li>\n\n\n\n<li>Relator: [Nome]<\/li>\n\n\n\n<li>Membros Efetivos: [Nome], [Nome].<\/li>\n\n\n\n<li>Suplentes: [Nome], [Nome].<\/li>\n<\/ul>\n<\/li>\n<\/ul>\n<\/li>\n\n\n\n<li><strong>Conselho de Doutrina<\/strong>\n<ul class=\"wp-block-list\">\n<li><strong>Fun\u00e7\u00e3o<\/strong>: Orientar a COMADECE em quest\u00f5es doutrin\u00e1rias, promovendo fidelidade \u00e0 B\u00edblia Sagrada\u200b.<\/li>\n\n\n\n<li><strong>Composi\u00e7\u00e3o<\/strong>:\n<ul class=\"wp-block-list\">\n<li>Presidente: [Nome]<\/li>\n\n\n\n<li>Secret\u00e1rio: [Nome]<\/li>\n\n\n\n<li>Relator: [Nome]<\/li>\n\n\n\n<li>Membros Efetivos: [Nome], [Nome].<\/li>\n\n\n\n<li>Suplentes: [Nome], [Nome].<\/li>\n<\/ul>\n<\/li>\n<\/ul>\n<\/li>\n\n\n\n<li><strong>Conselho \u00c9tico-Disciplinar<\/strong>\n<ul class=\"wp-block-list\">\n<li><strong>Fun\u00e7\u00e3o<\/strong>: Examinar quest\u00f5es de conduta ministerial e disciplinar membros em caso de infra\u00e7\u00f5es ao Estatuto\u200b.<\/li>\n\n\n\n<li><strong>Composi\u00e7\u00e3o<\/strong>:\n<ul class=\"wp-block-list\">\n<li>Presidente: [Nome]<\/li>\n\n\n\n<li>Secret\u00e1rio: [Nome]<\/li>\n\n\n\n<li>Relator: [Nome]<\/li>\n\n\n\n<li>Membros Efetivos: [Nome], [Nome].<\/li>\n\n\n\n<li>Suplentes: [Nome], [Nome].<\/li>\n<\/ul>\n<\/li>\n<\/ul>\n<\/li>\n\n\n\n<li><strong>Conselho de A\u00e7\u00e3o Social<\/strong>\n<ul class=\"wp-block-list\">\n<li><strong>Fun\u00e7\u00e3o<\/strong>: Desenvolver e cooperar com projetos sociais promovidos pela COMADECE\u200b.<\/li>\n\n\n\n<li><strong>Composi\u00e7\u00e3o<\/strong>:\n<ul class=\"wp-block-list\">\n<li>Presidente: [Nome]<\/li>\n\n\n\n<li>Secret\u00e1rio: [Nome]<\/li>\n\n\n\n<li>Relator: [Nome]<\/li>\n\n\n\n<li>Membros Efetivos: [Nome], [Nome].<\/li>\n\n\n\n<li>Suplentes: [Nome], [Nome].<\/li>\n<\/ul>\n<\/li>\n<\/ul>\n<\/li>\n\n\n\n<li><strong>Conselho Pol\u00edtico<\/strong>\n<ul class=\"wp-block-list\">\n<li><strong>Fun\u00e7\u00e3o<\/strong>: Assessorar a COMADECE em quest\u00f5es pol\u00edticas e promover a conscientiza\u00e7\u00e3o sobre a import\u00e2ncia da participa\u00e7\u00e3o pol\u00edtica\u200b.<\/li>\n\n\n\n<li><strong>Composi\u00e7\u00e3o<\/strong>:\n<ul class=\"wp-block-list\">\n<li>Presidente: [Nome]<\/li>\n\n\n\n<li>Secret\u00e1rio: [Nome]<\/li>\n\n\n\n<li>Relator: [Nome]<\/li>\n\n\n\n<li>Membros Efetivos: [Nome], [Nome].<\/li>\n\n\n\n<li>Suplentes: [Nome], [Nome].<\/li>\n<\/ul>\n<\/li>\n<\/ul>\n<\/li>\n<\/ol>\n","protected":false},"excerpt":{"rendered":"<p>Os Conselhos da COMADECE desempenham pap\u00e9is fundamentais no funcionamento administrativo, espiritual e organizacional da Conven\u00e7\u00e3o de Ministros da Assembleia de Deus Bela Vista no Cear\u00e1. Eles s\u00e3o formados por membros escolhidos pela Mesa Diretora, com mandatos de quatro anos, e s\u00e3o respons\u00e1veis por diversas \u00e1reas essenciais, como fiscaliza\u00e7\u00e3o financeira, orienta\u00e7\u00e3o doutrin\u00e1ria, educa\u00e7\u00e3o religiosa e a\u00e7\u00f5es [&hellip;]<\/p>\n","protected":false},"author":1,"featured_media":0,"parent":0,"menu_order":0,"comment_status":"closed","ping_status":"closed","template":"","meta":{"saved_in_kubio":false,"footnotes":""},"class_list":["post-91","page","type-page","status-publish","hentry"],"kubio_ai_page_context":{"short_desc":"","purpose":"general"},"_links":{"self":[{"href":"https:\/\/www.comadece.org.br\/site\/wp-json\/wp\/v2\/pages\/91","targetHints":{"allow":["GET"]}}],"collection":[{"href":"https:\/\/www.comadece.org.br\/site\/wp-json\/wp\/v2\/pages"}],"about":[{"href":"https:\/\/www.comadece.org.br\/site\/wp-json\/wp\/v2\/types\/page"}],"author":[{"embeddable":true,"href":"https:\/\/www.comadece.org.br\/site\/wp-json\/wp\/v2\/users\/1"}],"replies":[{"embeddable":true,"href":"https:\/\/www.comadece.org.br\/site\/wp-json\/wp\/v2\/comments?post=91"}],"version-history":[{"count":1,"href":"https:\/\/www.comadece.org.br\/site\/wp-json\/wp\/v2\/pages\/91\/revisions"}],"predecessor-version":[{"id":96,"href":"https:\/\/www.comadece.org.br\/site\/wp-json\/wp\/v2\/pages\/91\/revisions\/96"}],"wp:attachment":[{"href":"https:\/\/www.comadece.org.br\/site\/wp-json\/wp\/v2\/media?parent=91"}],"curies":[{"name":"wp","href":"https:\/\/api.w.org\/{rel}","templated":true}]}}